q) = 2*q**3 + 5*q**2 - 20*q + 12. Give x(-5).
-13
Let g(f) = 2*f**2 - 14*f + 9. What is g(5)?
-11
Let i(h) = -2*h**2 + 8*h - 14. Give i(5).
-24
Let j(d) = 53*d + 551. What is j(-10)?
21
Let a(o) = o**3 - 8*o**2 - 6*o - 11. Give a(9).
16
Let b(o) = 2*o**3 + 2*o**2 + o + 4. Calculate b(-2).
-6
Let j(q) = -q**2 + 77*q + 962. Give j(-11).
-6
Let w(m) = 12*m + 42. Calculate w(-3).
6
Let m(p) = 8*p - 4. Give m(4).
28
Let s(j) = -j**2 + 24*j - 46. Determine s(2).
-2
Let s(o) = o**2 + o - 14. Determine s(0).
-14
Let s(t) = -39*t + 188. Calculate s(5).
-7
Let y(w) = 52*w + 62. What is y(-3)?
-94
Let z(o) = -o**3 - 6*o**2 + 4*o + 1. Give z(-6).
-23
Let d(y) = -y**2 + 9*y - 10. Calculate d(7).
4
Let h(m) = -6*m - 30. What is h(-6)?
6
Let d(h) = -19*h - 149. Give d(-8).
3
Let r(b) = b**2 + b - 23. Calculate r(6).
19
Let l(o) = 3*o**3 + 43*o**2 + 15*o + 19. What is l(-14)?
5
Let a(n) = n**2 + 12*n + 5. Give a(-8).
-27
Let c(y) = -y**2 + y + 3. Determine c(0).
3
Let z(k) = -k**2 - 13*k + 10. Determine z(-13).
10
Let h(s) = s**3 - 12*s**2 - 27*s - 9. Give h(14).
5
Let x(o) = -o**2 - 18*o - 30. Give x(-12).
42
Let l(m) = m**3 - 2*m**2 + 38. Determine l(0).
38
Let z(l) = -2*l**3 + 19*l**2 + 12*l - 8. Give z(10).
12
Let x(c) = -c**3 + 12*c**2 - 8*c - 25. Calculate x(11).
8
Let a(f) = f**2 - 15*f + 28. Calculate a(13).
2
Let p(f) = f + 20. Calculate p(4).
24
Let z(y) = -y**2 - 10*y - 21. What is z(-8)?
-5
Let a(c) = -7*c**3 - 2*c**2 - c. Calculate a(-1).
6
Let k(i) = -38*i + 919. Give k(24).
7
Let d(k) = -k**3 + 13*k**2 - 13*k + 21. Calculate d(12).
9
Let v(i) = 2*i**3 - 4*i**2 + 5*i - 3. What is v(3)?
30
Let d(v) = -v**3 + 21*v**2 - 24*v + 18. What is d(20)?
-62
Let k(w) = -w**3 - 9*w**2 + 3*w - 9. Give k(-9).
-36
Let t(f) = -10*f - 52. Give t(-6).
8
Let m(x) = -2*x**2 + 17*x - 42. Determine m(6).
-12
Let o(t) = -t**3 + 9*t**2 + 10*t - 6. Determine o(10).
-6
Let h(c) = c**2 - 3*c - 35. Give h(7).
-7
Let k(n) = -n**2 + 14*n - 44. What is k(12)?
-20
Let a(d) = 2*d**2 + 6*d - 1. What is a(-5)?
19
Let u(t) = -t**2 - 5*t + 9. What is u(-8)?
-15
Let n(k) = -28*k + 6. Determine n(2).
-50
Let q(p) = 26*p**3 + 2*p - 1. What is q(1)?
27
Let b(r) = -3*r**2 - 55*r + 45. Give b(-19).
7
Let f(j) = j**3 - 15*j - 2. What is f(-4)?
-6
Let d(l) = -l - 13. Calculate d(-12).
-1
Let m(r) = -r + 32. Give m(0).
32
Let d(h) = h**3 - 25*h**2 - 25*h - 26. What is d(26)?
0
Let w(i) = -2*i**3 - 12*i**2 + i - 1. Give w(-6).
-7
Let o(c) = 14*c - 433. Determine o(31).
1
Let v(t) = -t**2 + 3*t + 17. Calculate v(7).
-11
Let d(l) = -l**2 - l - 1. Determine d(2).
-7
Let v(t) = t**3 + 26*t**2 + 2*t + 51. Calculate v(-26).
-1
Let i(n) = -n**3 + 22*n**2 - 2*n + 52. What is i(22)?
8
Let z(d) = d - 4. Calculate z(0).
-4
Let x(l) = l**2 - l - 5. Give x(-6).
37
Let v(l) = l**3 + 10*l**2 + 11*l - 8. Determine v(-9).
-26
Let n(x) = x**3 + 8*x**2 + 3*x - 5. Determine n(-8).
-29
Let p(x) = -x**3 + 6*x**2 - 11*x + 1. Give p(4).
-11
Let x(u) = -2*u**2 + 18*u - 1. Give x(7).
27
Let x(g) = 7*g**2 + 24*g + 5. Calculate x(-3).
-4
Let u(p) = -p - 14. Calculate u(-7).
-7
Let d(s) = -7*s**2. Give d(1).
-7
Let v(y) = -y**3 + 3*y**2 - 5*y + 2. Give v(2).
-4
Let l(m) = m**3 + 27*m**2 + 31*m + 130. Determine l(-26).
0
Let a(l) = -l**3 + 21*l**2 - 17*l - 27. Calculate a(20).
33
Let d(j) = -4*j - 32. Calculate d(4).
-48
Let y(d) = -2*d**2 - 59*d + 30. Give y(-30).
0
Let x(o) = -o**2 - 7*o + 6. Calculate x(-6).
12
Let c(r) = 128*r**2 - r - 2. Give c(-1).
127
Let p(r) = -r**2 + 9*r + 9. Calculate p(10).
-1
Let i(r) = r - 27. Calculate i(16).
-11
Let o(h) = -2*h**2 + 10*h + 2. Give o(4).
10
Let b(f) = 6*f + 27. What is b(-7)?
-15
Let w(n) = n**3 - 6*n**2 - 6*n + 13. Determine w(6).
-23
Let d(g) = 2*g - 16. What is d(6)?
-4
Let b(o) = -2*o - 44. Determine b(-23).
2
Let r(c) = -16*c**3 - 3*c**2 - 2*c. What is r(-1)?
15
Let y(s) = s**2 - 13*s - 6. What is y(12)?
-18
Let l(v) = -v**2 - 28*v - 81. Calculate l(-25).
-6
Let m(n) = n**2 + 2*n + 7. Calculate m(-3).
10
Let v(q) = 10*q**2 - q + 3. Give v(2).
41
Let h(l) = l**3 - 16*l**2 - 2*l + 54. Give h(16).
22
Let n(d) = -d**2 + 28. Calculate n(-8).
-36
Let d(j) = j**2 + 2*j - 2. Determine d(3).
13
Let n(w) = w**2 - 11*w - 25. What is n(11)?
-25
Let m(z) = z**3 + 14*z**2 - 6. Calculate m(-14).
-6
Let u(x) = 2*x + 23. Calculate u(0).
23
Let k(i) = -2*i**2 - 21*i - 4. Give k(-10).
6
Let z(x) = -x**2 + 29*x - 155. Give z(7).
-1
Let t(g) = -g**2 - 6*g + 39. Calculate t(-10).
-1
Let k(b) = -6*b - 11. Determine k(-8).
37
Let j(h) = -26*h - 2. Calculate j(-1).
24
Let d(p) = 6*p**3 - 3*p**2 - 2*p. What is d(-1)?
-7
Let f(p) = -10*p - 120. What is f(-12)?
0
Let l(f) = f**3 + 5*f**2 + 5. Determine l(-4).
21
Let s(y) = -14*y**2 + 2*y + 4. Calculate s(-1).
-12
Let t(f) = f**3 + f**2 + 5*f - 2. Calculate t(2).
20
Let b(h) = -2*h**3 + 3*h**2 + 7. Give b(3).
-20
Let y(i) = -3*i + 9. Calculate y(5).
-6
Let t(n) = -n**3 + 26*n**2 - 29*n + 31. Calculate t(25).
-69
Let z(d) = -5*d**2 - 5*d - 2. Calculate z(-1).
-2
Let h(y) = -y**3 + 12*y**2 + 12*y - 1. Give h(13).
-14
Let i(j) = -3*j**2 + 4*j + 22. Calculate i(4).
-10
Let x(r) = r**3 + 52*r**2 - 165*r. Determine x(-55).
0
Let g(p) = -p**2 - 16*p + 61. Determine g(-19).
4
Let y(m) = -m**3 + 12*m**2 - 37*m + 12. Give y(6).
6
Let h(u) = -u**2 + 16*u - 28. Give h(16).
-28
Let o(n) = 4*n**3 + 2*n**2 + 2*n + 1. What is o(-1)?
-3
Let j(a) = -4*a + 3. What is j(3)?
-9
Let k(d) = d**3 - 5*d**2 - 3*d + 5. Calculate k(4).
-23
Let z(r) = 15*r + 1. Calculate z(1).
16
Let f(d) = -5*d**2 - 1. Determine f(2).
-21
Let m(h) = -h**3 + 6*h**2 + 6*h + 5. Determine m(7).
-2
Let v(t) = 9*t + 5. Calculate v(-1).
-4
Let z(s) = 2*s**2 - 7*s - 57. Give z(-4).
3
Let u(v) = -v**2 + 11*v - 16. Determine u(13).
-42
Let z(v) = -v**3 - 3*v**2 + 6*v + 1. Determine z(-5).
21
Let y(d) = d**3 + d**2 + 2*d - 6. Determine y(0).
-6
Let a(j) = -19*j - 5. Determine a(-3).
52
Let o(i) = -i**2 - 9*i - 9. Determine o(-6).
9
Let x(c) = c**3 + 2*c**2 - c + 5. Determine x(-4).
-23
Let r(d) = 22*d + 35. Determine r(-9).
-163
Let i(x) = 5*x - 1. What is i(-1)?
-6
Let x(k) = 2*k + 6. Determine x(-3).
0
Let w(a) = a + 17. Give w(17).
34
Let h(z) = -z**3 - 4*z**2 - 3*z + 2. What is h(-3)?
2
Let v(f) = f**3 - 17*f**2 - 21*f + 40. What is v(18)?
-14
Let g(r) = 3*r + 44. Give g(-14).
2
Let m(p) = p**2 + 19*p + 66. Give m(-15).
6
Let a(c) = -c**2 + 6*c - 9. Calculate a(4).
-1
Let r(o) = -4*o**2 + 3*o - 4. What is r(4)?
-56
Let d(c) = -2*c**2 - c + 32. Calculate d(-5).
-13
Let n(b) = -b**2 - 7*b. Calculate n(-8).
-8
Let p(z) = z**3 - 28*z**2 - 30*z + 30. Calculate p(29).
1
Let m(a) = a**2 + 9*a + 1. Determine m(-7).
-13
Let i(f) = f**3 - 2*f**2 - 13*f - 2. What is i(-2)?
8
Let i(l) = -l**3 - 11*l**2 + l + 1. Calculate i(-11).
-10
Let i(y) = -2*y**3 + 26*y**2 + 8*y + 2. What is i(13)?
106
Let s(t) = -2*t**3 + 2*t**2 - 1. Calculate s(-1).
3
Let v(q) = q**2 + 41*q - 182. What is v(-45)?
-2
Let y(k) = k**3 + 12*k**2 + 26*k - 14. Determine y(-9).
-5
Let v(n) = 4*n**3 - 81*n**2 + 17*n + 55. Give v(20).
-5
Let n(x) = 4*x + 119. What is n(-31)?
-5
Let c(a) = -a + 4. Calculate c(-2).
6
Let q(l) = -l**3 - 14*l**2 + 16*l - 4. What is q(-15)?
-19
Let w(x) = -51*x**3 + 2*x + 1. Calculate w(-1).
50
Let q(p) = p**2 + 11*p - 47. Calculate q(-15).
13
Let h(m) = -m**2 + 11*m - 6. What is h(10)?
4
Let j(s) = 5*s - 90. Determine j(17).
-5
Let k(m) = 8*m**2 - 25*m - 6. What is k(3)?
-9
Let j(h) = 14*h + 6. Calculate j(4).
62
Let w(j) = -3*j + 4. Determine w(-1).
7
Let r(k) = k**2 - 9*k + 14. Calculate r(8).
6
Let v(p) = 7*p**2 + 5*p + 6. Calculate v(-3).
54
Let w(d) = -d + 10. Calculate w(5).
5
Let i(l) = -19*l - 15. What is i(8)?
-167
Let x(j) = j**3 + 4*j**2 - 6*j - 1. Determine x(-5).
4
Let j(w) = -14*w. Calculate j(-1).
14
Let j(c) = 4*c - 17. Calculate j(5).
3
Let t(q) = 10*q - 115. Give t(13).
15
Let r(z) = -z**3 + 16*z**2 + 11*z - 39. Calculate r(16).
137
Let f(o) = -o**3 - 24*o**2 - 17*o + 17. Give f(-23).
-121
Let t(g) = g**3 + 21*g**2 + 21*g + 17. Determine t(-20).
-3
Let c(l) = l**2 + 24*l - 95. Calculate c(-27).
-14
Let z(g) = 4*g + 15. What is z(-6)?
-9
Let d(k) = -5*k - 23. Calculate d(8).
-63
Let k(q) = -q**2 - 8*q - 5. What is k(-7)?
2
Let p(r) = r**3 + 7*r**2 - 3*r - 6. What is p(-6)?
48
Let x(t) = t**2 - 